 52*k + 242. Let a be 42 + 8 + (-3 - -1). What are the prime factors of t(a)?
2, 5
Suppose 23 = 3*b + 5. Let n be 6/((3 - b)/(-3)). What are the prime factors of (192 + 2)/(n/3) + 3?
2, 5
Let y(u) = -10*u**3 + 7*u**2 + 313*u - 27. What are the prime factors of y(-12)?
3, 5, 967
Suppose 3*g + 5151 = -56*q + 57*q, -25812 = -5*q - 4*g. List the prime factors of q.
2, 3, 5, 43
Suppose -38*l - 99*l - 609805 = -2920995. What are the prime factors of l?
2, 5, 7, 241
Let f be (-1209)/(-624) + 2/32. What are the prime factors of 6/(-6)*(-2016)/f?
2, 3, 7
Let n(q) = -60*q**2 - 13*q - 72. Let m be n(12). What are the prime factors of m/9*66/(-44)?
2, 739
Let y = -4855 - -8843. List the prime factors of y.
2, 997
Let u(h) = -h**3 + 12*h**2 + 38*h + 25. Let q be u(-8). Let c = q + -182. List the prime factors of c.
3, 7, 13
Let q(g) be the third derivative of 29*g**4/24 + g**3/3 - g**2. Let y be q(-2). What are the prime factors of ((1 - 4) + 2)/(1/y)?
2, 7
Let f = 14244 + 361. What are the prime factors of f?
5, 23, 127
Suppose 12*f = -3*f + 3*f. What are the prime factors of (2/(-6) + f)/(31/(-39525))?
5, 17
What are the prime factors of ((-1)/4 - (-1998)/(-296))*-1423?
7, 1423
Let v(n) = 1159*n**2 + 155*n - 13. List the prime factors of v(5).
131, 227
Suppose 116749 = 5*b + 3*l, -53149 + 169892 = 5*b + l. List the prime factors of b.
2, 13, 449
Let t(l) = 18*l**2 + 2*l - 19. Let v be (-1218)/(-315) - (-4)/30. Let p be t(v). Suppose -7*c + p = -5*c + k, 3*k + 393 = 3*c. List the prime factors of c.
2, 17
Let i = -18 - -29. Suppose 30 = 372606*x - 372596*x. Let g = i + x. List the prime factors of g.
2, 7
Suppose -5*j = 5*h - 7*h + 69407, 3*h = j + 104078. List the prime factors of h.
113, 307
Let r = -63 + 57. List the prime factors of (-137 - -11)*15/r.
3, 5, 7
Suppose 0 = -14*w + 12*w + 100. Suppose 2*y + 0*y - w = 4*m, -y - 2*m + 5 = 0. What are the prime factors of -4*(-3 - y/(-6)) - -246?
2, 31
Suppose -5*h = -3*n + 405 + 133, 3*h = -3*n + 570. Suppose -n = -5*f + 364. List the prime factors of f.
2, 5, 11
Let t be (1149/(-4))/((-24)/32). Let m = t + -153. What are the prime factors of m?
2, 5, 23
Suppose -134*i + 181*i = 104*i - 468141. What are the prime factors of i?
43, 191
Suppose -2*v = -7*v - 35, 7*h - 15925 = v. List the prime factors of h.
2, 3, 379
Let l(d) = -1085*d - 9461. List the prime factors of l(-67).
2, 3, 1171
Suppose 639855 = 37491*w - 37482*w. List the prime factors of w.
5, 59, 241
Let a = 237 + -130. Let k(s) = -s**2 - 18*s - 51. Let r be k(-4). Suppose -9 + 4 = -d, 4*c = r*d + a. What are the prime factors of c?
3, 11
Suppose -13*l - 1 = -1. Suppose h + 751 = u, l = 20*u - 25*u - 3*h + 3731. What are the prime factors of u?
2, 11, 17
Let f be (4 - 3 - (-2 - 1)) + 2. Suppose 5*t = f*t - 21. What are the prime factors of 1162/t + 2/3?
2, 7
Suppose -33640 = -4*o + 5112. List the prime factors of o.
2, 7, 173
Suppose -4*h = 3*h + 945. Let l = 344 + h. What are the prime factors of l?
11, 19
Suppose -4*i - 11 = -3*s, 1 = 3*i - 2. Suppose 125 = x - 0*x - s*r, 5*x - 562 = 4*r. List the prime factors of x.
2, 5, 11
Suppose 2*l + 4*w - 26836 = 0, 0 = 4*w - 305 + 297. List the prime factors of l.
2, 19, 353
Suppose -5*g = 2*t + 23 + 549, -g - 119 = 5*t. Let v be (g/(-2))/(-2 - -3). What are the prime factors of ((-26)/(-13))/((2/v)/1)?
3, 19
Let b(x) be the second derivative of 0 - 5*x + 1/6*x**4 + 5/2*x**3 - x**2. List the prime factors of b(-10).
2, 3
Let z(r) = 472*r**2 + 89*r + 368. List the prime factors of z(-9).
37799
Let y(m) = -480*m**3 + 3*m**2 + 5*m + 4. Let a be y(-1). Let v = -462 + a. What are the prime factors of v?
2, 5
Let g be (6*3/54)/((-2)/(-18)). Suppose -4*x + 3418 = -0*j + g*j, 0 = -j + x + 1144. What are the prime factors of j?
2, 571
Let k(q) = 44*q - 2. Suppose -350 = -13*p + 20*p. Let l = p - -53. List the prime factors of k(l).
2, 5, 13
Suppose a = -4*k + 6*a - 12, 4*k - 4*a + 8 = 0. Suppose 4*x - 5*n - 4167 = k*x, -10455 = -5*x + 5*n. What are the prime factors of x?
2, 131
Let u = 198 - 62. Suppose -1761 = -5*c - u. What are the prime factors of c?
5, 13
Let l(c) be the second derivative of 21*c - 8/3*c**3 - 41/2*c**2 + 0. What are the prime factors of l(-10)?
7, 17
Let n(m) = m**3 + m**2 - 2*m - 4. Let y be n(-2). Let a be y/(24/(-15))*(1 - -457). Suppose 5*i = a - 175. List the prime factors of i.
2, 97
Let i(n) = 14*n**3 - 44*n**2 + 14*n - 7. List the prime factors of i(10).
9733
Suppose -17*f + 68279 = -1846. List the prime factors of f.
3, 5, 11
Let s(x) = -x**3 - 12*x**2 - 13*x - 18. Let k be s(-11). Suppose 0 = 4*q - 5*b + 17, -3*q = q + k*b + 8. List the prime factors of 49*3 - 2/(-6)*q.
2, 73
Let o(k) = -11*k + 20*k - 6*k - 8*k. Let z be o(0). Suppose -5*g + 2*w - 135 + 755 = z, 484 = 4*g - 4*w. List the prime factors of g.
2, 3, 7
Suppose 7*z = 6 + 15. Suppose -z*t + 6*i - 2*i - 11 = 0, 5*t - 5 = 2*i. Suppose 3*w + 5*y - 669 = -198, t*w = -y + 471. What are the prime factors of w?
157
Let f(j) = -j**3 + 5*j + 5. Let k be f(-2). Let u = 14 + -21. What are the prime factors of (-1*(u + k))/((-2)/(-16))?
2
Let h(z) = -20*z**2 - z**3 - 39 + 139*z + 142*z - 302*z + 8*z**2. What are the prime factors of h(-14)?
647
Let q be (644 - -10)*5/(-5). Let j = 15 - 25. List the prime factors of j/(-35) + -1 + q/(-14).
2, 23
Suppose -26*i = -27*i + 3*g + 3288, 0 = -3*i + g + 9872. List the prime factors of i.
3, 1097
Let l = 1 + 3. Let i(k) = -25*k + 7. Let h(b) = -405*b + 111. Let a(j) = 2*h(j) - 33*i(j). What are the prime factors of a(l)?
3, 17
Suppose -16*d = -6110 - 52370. What are the prime factors of d?
5, 17, 43
List the prime factors of -22*600756/1430*-5.
2, 3, 3851
What are the prime factors of -9*(-20)/(-210) + (-91502)/(-14)?
5, 1307
What are the prime factors of (-2 + -1)/((-91)/121667)?
3, 7, 191
List the prime factors of (-52 - 110)*((-199)/2 + -3).
3, 5, 41
Let m = 120 + -109. Suppose m*l + l - 96 = 0. Suppose l*y - 910 = y. List the prime factors of y.
2, 5, 13
Let h(s) be the second derivative of -17/3*s**3 + 9*s**2 - 25*s + 0. List the prime factors of h(-5).
2, 47
Suppose -3*n = -2*n + 5*x - 1354, x + 1324 = n. Suppose n = -2*l + 1347. List the prime factors of l.
3
Let c = 280 - -508. Suppose -269 = 3*v - c. Let g = v - 123. What are the prime factors of g?
2, 5
Suppose -37*g + 66*g = -1131. Suppose -4*s = -2*d - 494, -4*d + 159 + 341 = 4*s. Let t = s + g. List the prime factors of t.
5, 17
Let b = 21481 - 12683. List the prime factors of b.
2, 53, 83
Let r(l) = -92*l + 13173. List the prime factors of r(0).
3, 4391
Let r(c) = -4*c**3 - 2*c**2 + 2*c + 7. Let i be r(-5). Suppose -16 = 4*g, 0 = -2*s + 6*g - 3*g + 594. Let v = i - s. List the prime factors of v.
2, 3, 13
What are the prime factors of (12/(-19))/6 + 1753045/95?
3, 6151
Suppose 5*t + m + 5291 = 0, 5*t - 3762 = 2*m - 9065. Let k = t + 1991. What are the prime factors of k?
2, 233
Let d = 3055 - 2465. List the prime factors of d.
2, 5, 59
Let c be ((-34928)/64)/(4/16). Let a = c - -3390. List the prime factors of a.
17, 71
Let i = 65 + -39. Let o = 30 - i. Suppose 0 = -0*t + o*t - 136. List the prime factors of t.
2, 17
List the prime factors of 297/(-63) - (-1 - 45/(-35)) - -12947.
2, 3, 719
Suppose 4*d = 5*w + 75 + 441, -356 = -3*d - 4*w. Suppose 25*v - d = 23*v. What are the prime factors of v?
2, 31
Suppose -52*q + 42*q = -23*q + 211653. List the prime factors of q.
3, 67
Let u be (-6)/30 - 76/(-5). Suppose 5*w + u = 0, 0 = 4*q - 0*w + w - 9. Suppose 42 = l + 2*c + q*c, 2*c = -2. What are the prime factors of l?
47
Suppose 3*m - 176 = -i + 52, m = -4*i + 923. Let h be ((-1)/3)/(7/i). Let d(q) = q**2 + 4*q - 22. List the prime factors of d(h).
5, 11
Let c(x) = 80*x + 5. Let i(j) = -77*j - 7. Let f(t) = -3*c(t) - 2*i(t). What are the prime factors of f(-1)?
5, 17
Let r(i) = -13*i**2 + 2*i**3 - 210 + 15*i + 226 - 3*i**3. Let z be r(-14). Suppose -161 = -3*g + v, z*g = 3*v + 58 + 61. What are the prime factors of g?
2, 13
Let m(w) = 48*w**2 + 347*w - 490. List the prime factors of m(-33).
31, 1301
Let i(a) = a**2 + 6*a - 93. Let d be i(-13). List the prime factors of 1 - (5087 - d)/(-7).
2, 7, 13
Let j(f) = 1. Let x(a) = -3*a + 20. Let q(m) = 3*j(m) + x(m). Let s be q(7). Suppose 4*z - 427 = -2*h + h, -s*z + 224 = 4*h. List t